3*p - 2*p - 15 = 4*x. Suppose -2*q + z + 72 = 0, 2*z + 10 = -3*z. Let c = 14 + q. What is the highest common divisor of p and c?
7
Suppose -22*x + 200 = -17*x. What is the greatest common divisor of 360 and x?
40
Suppose -v - 2*l + 21 = -7*l, 0 = l + 1. Calculate the highest common divisor of 96 and v.
16
Let o be 362/8 - (-3)/(-12). Let b be 18 + 1 + 2/(-2). What is the greatest common factor of o and b?
9
Let t(w) = -w**3 + 2*w**2 + 4*w + 1. Let d be t(3). Suppose d*j - 92 + 868 = 0. Let v be 3 + j/(-2) + -1. What is the greatest common divisor of v and 11?
11
Let c(v) be the second derivative of v**4/6 - v**3 - 3*v**2 + 2*v. Let f be c(5). What is the highest common factor of 2 and f?
2
Suppose -2*c + 10 + 4 = 0. Calculate the highest common divisor of c and 14.
7
Let s(z) = z + 1. Let l be s(4). Suppose 0 = 5*p + 5*r + 14 - 69, 2*p + l*r - 10 = 0. Calculate the highest common divisor of p and 30.
15
Let n(g) be the second derivative of g**4/12 - 5*g**3/3 - 15*g**2/2 + 2*g. Let p be n(12). Calculate the highest common divisor of p and 81.
9
Let t be 1/((-1)/(-2))*8. Let j be 50/6 + 10/(-30). Calculate the highest common factor of j and t.
8
Let h(z) = -z**3 + 4*z**2 + 7*z - 6. Let y be h(4). Suppose -3*s + 12 = 0, 2 = 2*m - 2*s + 6. Calculate the highest common divisor of m and y.
2
Let c(j) = -5*j**2 - 2*j**2 - 2 + 4*j**3 - 2*j**3 - j**3 + 2*j. Let n be c(7). What is the highest common factor of n and 3?
3
Let i = 102 + -41. Let q = -23 + i. What is the highest common divisor of 95 and q?
19
Let l be (16/(-6))/((-8)/12). Suppose 3*m = m + l. Suppose m = 2*q - 34. What is the greatest common factor of 45 and q?
9
Let k = -35 - -59. Calculate the greatest common divisor of 6 and k.
6
Let y(o) = -o + 10*o**2 + 2*o**2 - 2*o**2. Let f be y(1). Suppose -3*j + f + 54 = 0. What is the greatest common divisor of j and 14?
7
Let z(y) = -y**3 + 7*y**2 - 5*y - 3. Let k be z(6). Suppose 31 = k*j + 7. Let o be 2 - 2*(-3 + 2). What is the highest common divisor of o and j?
4
Suppose p - 11 + 5 = 0. Suppose p*y - 12 = 54. What is the highest common divisor of 99 and y?
11
Let j(c) = -c**2 + 3*c. Let v be j(3). Suppose -q + 3*h + 9 = v, -2*q - q = -2*h - 48. What is the highest common factor of q and 36?
18
Suppose h + 1 = -0*n - 2*n, -2*n - 26 = -4*h. Suppose h = -2*v + 41. Calculate the highest common divisor of 198 and v.
18
Let l(o) = o**3 - o**2 + 3*o + 3. Let f be l(-2). Let b = f + 21. Calculate the highest common divisor of b and 9.
3
Suppose 0 - 6 = 2*n - 5*w, 2*n + 5*w - 14 = 0. Suppose 4*r - 75 - 13 = 0. Calculate the highest common factor of n and r.
2
Let o be (4*1)/((-4)/100). Let k be 2/6 - o/(-12). Let q be ((-6)/4)/(6/k). Calculate the greatest common divisor of q and 5.
1
Let o be 3/(-4) - (-9)/12. Suppose o = 3*c - 3*z - 24, 3*z = -2*c - z + 16. What is the highest common factor of c and 20?
4
Let t(w) = 4*w**2 + 0*w + 2*w + w - 3. Let f be t(2). Suppose -r = v + 4*r - 58, -16 = -4*r. What is the highest common divisor of f and v?
19
Suppose -5*j = -2*g + 245, -25 = j - 6*j. What is the highest common divisor of 15 and g?
15
Let d(i) = -i - 10. Let u be d(-10). Let r be 3 - (u + 2*-3). Suppose 4*f - 4*n = -0*f + 88, -3*n = -2*f + 39. Calculate the highest common factor of f and r.
9
Suppose 0*w = -2*w + 28. Let p(n) = -n**3 + 8*n**2 + 3*n + 8. Let x be 4*(2 - 1/2). Let t be p(x). What is the greatest common divisor of t and w?
14
Let g be (-3 - -2*3) + 4. What is the highest common divisor of g and 14?
7
Let s = 0 + -1. Let n = 1 + s. Suppose n = 5*c + 2*r - 556, 0 = 4*r - 9*r - 10. What is the greatest common divisor of c and 14?
14
Let s be ((-40)/(-6))/(5/45). What is the greatest common factor of s and 24?
12
Let n = 29 - 15. Suppose 0 = -i + 3*i - n. Calculate the greatest common factor of 14 and i.
7
Let l be 2/1 - 167*-2. Suppose l = c + 3*c. Let g(j) = -6*j. Let y be g(-2). Calculate the greatest common divisor of y and c.
12
Suppose 216 = 4*k - 2*k. Suppose -2*y - y = -k. What is the highest common divisor of 24 and y?
12
Let t = -23 + 39. Let y be 5*(1*t + 0). What is the highest common factor of 10 and y?
10
Let n(d) = -34*d**3 - d**2 + 2*d. Let x be n(-2). Calculate the highest common divisor of x and 24.
24
Let b be ((-2)/((-4)/(-266)))/(-1). Let u = 22 + -3. What is the greatest common factor of u and b?
19
Let h = -35 + 51. What is the highest common factor of 176 and h?
16
Let n = 0 + 5. Let w be ((-18)/4)/((-3)/(-6)). Let g be (-2)/(-3) + (-219)/w. What is the greatest common factor of g and n?
5
Let s be (9 - 4)/((-2)/2). Let o be ((-2)/s)/((-3)/(-75)). Calculate the greatest common factor of o and 80.
10
Let r = -10 + 15. Let n(i) = -i**2 - 8*i + 3. Let c be n(-8). Suppose -c*o + 37 = 7. What is the highest common factor of r and o?
5
Let j be (15 + -1)/(3/(0 + 3)). What is the highest common factor of 7 and j?
7
Let o be (-2)/(-1 - 0) - -1. Suppose o*t - 25 = 11. Calculate the greatest common divisor of 48 and t.
12
Suppose 193 - 631 = -4*a - 2*s, 2*s = -2. Let t be (a/(-5))/(0 - 1). Let u = 31 - t. What is the highest common divisor of 99 and u?
9
Suppose 6 = 3*t + 2*y, y + 11 = 2*t - 0*y. Let w be t/4*(-1 + 2). Calculate the highest common factor of 9 and w.
1
Let t(l) = 4 - 5 - l + 0*l + 8. Let y be t(-8). What is the highest common factor of 5 and y?
5
Suppose -5*u + 10 = -20. What is the greatest common factor of 42 and u?
6
Let s = 8 + 6. Let i = s + -11. Suppose -2*m - 5*b - 220 = -596, -i*b - 804 = -4*m. Calculate the greatest common factor of m and 18.
18
Let c = 92 + -2. Calculate the greatest common factor of 10 and c.
10
Let i be ((-27)/(-45))/((-2)/(-10)). What is the greatest common divisor of i and 24?
3
Let l(p) = -p**2 + 8*p - 3. Let g be l(5). Let m(d) = -d**2 + 19*d - 22. Let h be m(17). What is the greatest common divisor of g and h?
12
Let h be 12/(-2)*2/(-3). Let p = -3 + h. Calculate the greatest common divisor of p and 11.
1
Suppose 4*h + 10 = 2. Let l be (3/h)/(-1)*2. What is the greatest common factor of 3 and l?
3
Let x be ((-2)/3)/(5/(-180)). Calculate the highest common divisor of x and 8.
8
Let u = -2 + 6. Let v = u + 0. Let x be (4*18)/(6/v). What is the greatest common divisor of x and 6?
6
Let q(s) = 6*s**2 + s**3 - 4 + 2*s - 2*s**2 + 3*s**2 + 0*s**2. Let v be q(-6). Let z be 30/(5/2 + -1). What is the greatest common factor of v and z?
20
Let j be (-4298)/(-63) - (-4)/(-18). Suppose -2*a + 22 = -j. Calculate the highest common divisor of a and 5.
5
Suppose s = -0*s + 4. Suppose -4 - s = -2*r. Suppose -k + 8 = -r. What is the greatest common divisor of 30 and k?
6
Let x = 11 + -7. Let t(c) = 7*c**2 + 0 + 1 - 2 + 6*c. Let f be t(x). What is the highest common factor of 15 and f?
15
Suppose -5*l + 143 = -132. Calculate the greatest common divisor of 5 and l.
5
Let z = 80 - 17. Suppose 5*w - 9 = 4*w. What is the greatest common factor of w and z?
9
Let n be 125/(-15) - 3/(-9). Let l = n - -19. What is the greatest common factor of 55 and l?
11
Let h = -7 - -125. Suppose -h = -3*i + 98. Calculate the greatest common divisor of 18 and i.
18
Let v(o) = o + 9. Let k be v(-4). Let r = -2 + k. Let q be (-1 - r/(-6))*-40. Calculate the greatest common factor of q and 220.
20
Let d be 46/6 + 2/6. Calculate the greatest common divisor of d and 56.
8
Suppose s + 2*s + r = 672, 681 = 3*s - 2*r. Calculate the greatest common factor of s and 9.
9
Suppose -3*n - 5*r + 189 - 36 = 0, 5*n - 268 = -4*r. What is the highest common divisor of 24 and n?
8
Let c(n) = -n**2 - 11*n - 1. Let k be c(-9). What is the greatest common factor of 51 and k?
17
Suppose -2*v + 4*s + 96 = 0, -3*v + 2*s + 184 = 6*s. What is the highest common factor of v and 7?
7
Suppose 2*o - 22 = -0*o. Let b(h) = h**3 - 11*h**2 - 2*h + 6. Let f be b(o). Let m = f - -46. What is the greatest common factor of 10 and m?
10
Let j be (-20)/(-70) - 38/(-14). Suppose -90 = -j*g + 12. Calculate the greatest common divisor of 17 and g.
17
Let v be (-1 + 2/1)*2. Let y = -1 + v. Suppose -19 = -f - 3*k, 4*f - y = f + 5*k. Calculate the greatest common divisor of f and 63.
7
Let o(u) be the second derivative of 2/3*u**3 + 0 + 1/4*u**4 - 4*u - 1/2*u**2. Let m be o(-3). Calculate the highest common factor of 2 and m.
2
Let w(z) = 2*z**2 - 8*z + 4. 